ermine k(g).
13
Let a(v) = -v**3 - 4*v**2 + 6*v + 5. Let i be (1 + -6)*(-6)/5. Let f be (-5)/((-15)/i) - -3. Suppose -3*y + f*r + 6 = 36, -2*r = -3*y - 21. Calculate a(y).
0
Let k(g) = 4*g - 1. Let b(y) = y**2 - 3*y - 5. Let u be b(5). Determine k(u).
19
Let r(g) = -4*g**2 + 4*g + 1. Let o(h) = -7*h**2 + 4*h + 4 - 2 + 2*h**2. Let m = -2 - -5. Let d(l) = m*o(l) - 4*r(l). Give d(3).
-1
Let f(h) = h**2 + 8*h - 4. Let g = -26 + 18. Determine f(g).
-4
Let r(a) = -1. Let l(y) = y + 1. Let d be (-2 - -9) + -1*2. Let z(h) = d*r(h) + 4*l(h). What is z(-2)?
-9
Let r(z) = -3*z**2 - 7*z - 4. Let q(l) = l**2 + 4*l + 3. Let c(g) = -5*q(g) - 2*r(g). Calculate c(6).
-7
Let k = -2 + -1. Let i(a) = a**3 + 4*a**2 + 5*a + 3. Let l be i(k). Let t(s) = 5 - 10*s**2 + 9*s**2 - 2 - 3*s. Give t(l).
3
Let u(d) be the first derivative of -d**2/2 + 7*d - 19. Determine u(4).
3
Suppose -h - 3*h + 5 = -5*b, -5*h = -2*b - 19. Let k(u) = h*u**2 - 4 - 2*u**2 - 2*u**2 + 0*u**2. Calculate k(0).
-4
Let i(c) be the second derivative of -c**3/3 + 3*c**2 + 2*c. Let x be i(6). Let f(l) = -2*l + 2. Let t(z) = -5*z + 5. Let r(h) = 7*f(h) - 3*t(h). Give r(x).
-7
Let f(a) be the third derivative of -a**5/60 + a**4/24 - a**3/2 + a**2 - 20*a. What is f(4)?
-15
Suppose 5*j - 40 = -r - 5, 0 = 5*j - 4*r - 10. Suppose -4*d = 2 - j. Let n(k) = -3*k**3 - d + 1 + 1 + 2*k. Calculate n(-1).
2
Suppose r + 15 = 2*r. Suppose -9*p + 4*p = -r. Let o(i) = -3*i + p*i + i + 9. What is o(-5)?
4
Let o(i) = -13*i**3 - 2*i**2 - 9. Let a(y) = 6*y**3 + y**2 + 5. Let h(s) = 11*a(s) + 6*o(s). Give h(-1).
12
Let w(s) = 3*s + 1. Let t(a) = a**2 - 6*a - 3. Let p be t(7). Suppose -10 = -p*b - b. Give w(b).
7
Suppose 3*g - 8 = 2*g. Let p be (g/10)/(6/(-30)). Let j(y) = -2*y + 11. Let n(z) = z - 5. Let c(b) = -2*j(b) - 5*n(b). Give c(p).
7
Let f(z) = z**2 + z. Let j(q) = -q**3 + 6*q - 4. Let i(w) = -6*f(w) + j(w). Determine i(-6).
-4
Let a = 2 - -1. Let w(i) = i**2 - 5*i - 1. Calculate w(a).
-7
Let w(v) be the first derivative of v**4/4 - 8*v**3/3 + 7*v**2/2 - 3*v + 4. Calculate w(7).
-3
Let b(i) = 13*i - 8 + 3*i**2 + 0 - i. Let s(h) = -2*h**2 - 6*h + 4. Let w(z) = 3*b(z) + 5*s(z). Determine w(4).
4
Let s(g) = g. Let o be (-1 - -1 - 1)/(-78 + 77). Calculate s(o).
1
Let l be (1/2)/(2/24). Let f(h) = -h**2 + 5*h + 7. Let j be f(l). Let s(o) = 5*o - 1. Let t be s(j). Let n(z) = -z**2 + 2*z + 5. Determine n(t).
-3
Let x = -1 - -4. Suppose x*s = -4*h + 12, -7*h - 2*s = -2*h - 15. Let f(k) = 2*k + 0 + h + 4. What is f(-5)?
-3
Let l(k) = k**2 - 1. Let b(d) = d**3 + 2*d**2 - 5*d - 3. Let i be b(-3). Let v = 11 + -10. Let h be 1/(0 + v)*i. What is l(h)?
8
Suppose 3*m + m - 22 = 5*x, -20 = -4*m + 4*x. Let f(a) = 0*a**2 - a**3 + 2 + 0*a**m - a**3 + a**2. What is f(2)?
-10
Let o(q) = q**2. Let i be (-120)/21 - (-2)/(-7). Let p be (i - -5)/((-2)/(-2)). Calculate o(p).
1
Let r(n) be the second derivative of n**4/12 + n**3/3 - 3*n**2/2 - 2*n. Let m = -11 - -7. Give r(m).
5
Let a(r) = r**3 + 2*r + 0*r - 9*r**2 + 5*r + 1. Let j(o) = o**3 - 10*o**2 + 8*o + 1. Let i(q) = 6*a(q) - 5*j(q). What is i(2)?
-3
Let k(y) = -3*y + 7. Let r be k(3). Let f be r - -2 - (-1)/(-1). Let m(v) = 6*v. Give m(f).
-6
Let k(r) be the third derivative of -r**4/12 + r**3/3 + 2*r**2. Determine k(3).
-4
Let w(c) = -2*c - 6. Let g be w(-4). Let v(a) = 7 - 4*a + 2 - a**g - 2*a. Let i be v(-7). Let p(j) = j. Calculate p(i).
2
Suppose -4*k + 26 = -2*l, -5*l + 2*l = -3*k + 24. Let f(v) = -4*v + 6 - 18 + 0*v. Let c(h) = -3*h - 12. Let r(y) = l*c(y) + 2*f(y). What is r(-5)?
7
Let h(k) be the third derivative of k**5/20 + k**4/6 + k**3/3 + k**2. Give h(-2).
6
Suppose 0 = -4*c - 16, -3*f + 18 = -4*c - 10. Let g(h) = 6*h - f + 0*h + 3. Give g(-1).
-7
Let p = 170 + -95. Suppose p = 3*g + 2*g. Suppose 0*b + 3*b - g = 0. Let c(n) = -n**2 + 3*n + 3. What is c(b)?
-7
Let f(t) = 4*t**2 - 3*t - 2. Let a(s) = s**2 - s - 1. Let d(r) = -6*a(r) + 2*f(r). Calculate d(-2).
10
Let q(m) be the first derivative of m**3 - 4. What is q(-1)?
3
Let j(l) = -5*l. Let b(t) = -t - 3. Let g be b(-8). Suppose 0 = 4*a - c - 20, 2*a + g*c + 6 = 16. Suppose 0 = -5*m, 2*s - 5*m = -3*s + a. Determine j(s).
-5
Let w(y) = -4*y + 25*y**2 + 14 - 27*y**2 - 10. Calculate w(-4).
-12
Suppose 0 = -0*l - 4*l + 3*z - 19, 3*z = 3*l + 18. Let j(o) = 13*o**2 - o - 1. Calculate j(l).
13
Let j be (-1)/(-2)*(-1 + 21). Let m be 48/j + (-4)/(-20). Let f(k) = k**3 - 5*k**2 + k. Give f(m).
5
Let a(m) = -m**3 + 2*m**2 + 4*m - 1. Let d = 31 - 28. What is a(d)?
2
Let u = 27 + -9. Suppose -3*l + 1 = -8. Suppose u = l*s - 0*s. Let w(f) = -f**2 + 7*f - 1. Determine w(s).
5
Suppose -n = 2*n + 15. Let j(w) be the third derivative of 5*w**4/24 - 23*w**3/6 - w**2. Let l(i) = -3*i + 15. Let v(r) = 5*j(r) + 8*l(r). Determine v(n).
0
Suppose 0 = -0*u + 2*u. Let l(q) be the second derivative of q**4/12 - q**3/6 - q**2 + 4*q. Let j be l(u). Let p(b) = -b**3 - b**2 - b - 2. Determine p(j).
4
Let f = -51 - -52. Let s(i) be the third derivative of -i**6/120 - i**5/30 + i**4/12 - i**3/6 + i**2. Give s(f).
-2
Let x(h) = h**3 - h - 10. Suppose 0*v + v - 4 = -4*r, -4*v + 1 = r. What is x(v)?
-10
Let a(m) be the third derivative of -m**4/24 + m**3/2 + 37*m**2. Calculate a(9).
-6
Let a(f) be the first derivative of -f**2/2 - 13*f - 30. Calculate a(-12).
-1
Let w(j) = -6 - 2*j**2 - 3*j + 4*j + 2. What is w(3)?
-19
Let l(p) be the third derivative of p**6/120 - p**5/10 + p**4/8 + 2*p**3/3 - p**2. Let u(j) = j + 15. Let q be u(-12). Suppose 8 = q*t - 7. Give l(t).
-6
Let s be 3 + -3 - -3 - 4. Let u(g) be the third derivative of 0 - 1/20*g**5 + 0*g**4 + 1/6*g**3 - g**2 + 0*g. Give u(s).
-2
Suppose 18 - 6 = q. Let l = 13 - q. Let b(o) = -8*o**2 - 3*o + 3. Let k(v) = -v**2 - v + 1. Let f(z) = -b(z) + 2*k(z). Determine f(l).
6
Let v(g) = 3*g - 12. Let n be v(4). Let p(y) be the third derivative of n*y + 1/12*y**4 + 3*y**2 - 7/6*y**3 + 0. Give p(5).
3
Suppose -2*l = -7 + 3. Let n(t) = -l + 2*t - 1 + 2. Suppose -3*b = -b + 4. What is n(b)?
-5
Let h(z) = 0 - 5 - z - 2*z. Calculate h(4).
-17
Let a = 8 + -3. Let l(x) = -x - 1. Calculate l(a).
-6
Suppose 2*o - 11*o + 0*o = 0. Let s(d) be the third derivative of o*d + d**2 - d**3 + 0 + 1/8*d**4. Calculate s(4).
6
Let t(m) = 6*m + 2*m**2 - m + 0 + 0 + 2. What is t(-3)?
5
Suppose -2*z = -0*z + 2*r + 6, -r + 32 = -4*z. Let v be (-3)/(-1) - (z - -4). Let u(g) = -g**3 + 6*g**2 - g. What is u(v)?
-6
Let k(j) = -3*j**3 - 3*j**2 - 6*j + 5. Let y(a) = 2*a**3 + 3*a**2 + 6*a - 4. Let b(t) = 3*k(t) + 4*y(t). Determine b(4).
7
Let h(v) = -v + 5 + 2*v + 1. Let j(t) = 4*t + 19. Let l(r) = 7*h(r) - 2*j(r). Determine l(0).
4
Suppose 6*h = 2*h + 8. Let n(v) be the second derivative of 1/3*v**3 - 3*v + 0 + 7/2*v**h. Determine n(-5).
-3
Let v(d) = d**3 - 3*d**2 - 5*d + 5. Let u be v(4). Let o be (2 + -3)*1/(-1). Let m(i) = -2*i + i - i**3 + i - o. What is m(u)?
-2
Let f(s) be the third derivative of s**6/30 - s**5/60 + s**3/6 - 24*s**2. Let w be (1/2)/((-2)/4). Let l be 0 + (0 + 0 - w). What is f(l)?
4
Let o(m) = -m + 7. Let j be o(6). Suppose -2*y - f + 13 = 0, f + 2*f = 2*y - j. Let q(v) be the third derivative of v**4/12 - 7*v**3/6 + v**2. Give q(y).
3
Let n = 3 + -1. Let t(i) = 5*i**2 - 8*i + 3. Let y(v) = 4*v**2 - 7*v + 3. Let z(s) = -5*t(s) + 6*y(s). Calculate z(n).
-5
Let v(p) = -p**3 - 5*p**2 - p - 6. Suppose 0 = -3*f - 5 - 10. Let o = 5 + f. Suppose 4*n - 4*y + 8 = o, n + 4*n + 4*y = -37. Calculate v(n).
-1
Let u(q) = -9*q**2 - q**3 - 2 + 7*q**2 + 5*q**2 - 3*q. Determine u(3).
-11
Let a be 7/21*0/(-2). Let j be (3/(-3))/(a - -1). Let w(v) be the second derivative of -3*v**5/20 - v**4/12 - v**3/6 + v. Determine w(j).
3
Let f(m) = m**3 + 6*m**2 - m - 2. Let n be f(-6). Let j(h) = 6 + 2*h + 2 - n - h**2. Determine j(4).
-4
Let p(n) = -3 + 2*n**2 + 9*n - 8*n**2 - 11*n + 7*n**2. Let y(i) = -i**3 - 3*i**2 - 2*i - 2. Let g be y(-3). Calculate p(g).
5
Let t = 16 + -14. Let d(x) = 4*x + 1. Give d(t).
9
Let a(d) = d**3 + 3*d**2 + 2*d + 14. Let c(x) = -x**2 + 1. Let k(l) = -a(l) + 6*c(l). Calculate k(-9).
10
Let v be ((-4)/6)/((-8)/(-12)). Let o = v - -6. Let j(x) = -o + 5 - 3*x. Determine j(-1).
3
Let f(n) = -n**2 + n. Let h be 1/(-1) + 2 - 0. Let y be f(h). Suppose y = -3*a + 12 + 3. Let i(w) = w + 2. What is i(a)?
7
Suppose 1